-n**3 + 9*n**2 + 4*n - 7. List the prime factors of j(o).
89
Let d = 3445 + 20271. What are the prime factors of d?
2, 7, 11
Let a be 5/(-2)*(-4 + 2 + 0). Suppose -6*q - 1546 = -3*b - 2*q, a*q = 10. What are the prime factors of b?
2, 7, 37
Suppose 0 = 16*i - 82947 - 69389. Suppose 5994 = 29*d - i. What are the prime factors of d?
5, 107
Suppose -5*d - 2*c = -11, 0*c = -3*d - c + 7. Let k(o) = 4 + 2 + d - 3 - 8*o. List the prime factors of k(-6).
2, 3
Let r = 1208 + 11312. List the prime factors of r.
2, 5, 313
Let f(u) = -6*u**2 - 4*u - 6. Let l be f(-4). Let q = -57 - l. Suppose q*i - 92 = 27*i. List the prime factors of i.
2, 23
Let k(j) = -j - 9 + 1 + 12783*j**2 - 12780*j**2. Let b = 6 - 1. What are the prime factors of k(b)?
2, 31
Suppose 3*y - 1296 = -2*y - 4*h, 3*h = -y + 268. Let b = -183 + y. Suppose r - b = -30. List the prime factors of r.
43
Suppose 6*j - 146 - 310 = 0. Suppose 5*l + 151 = 4*f + 381, -f - 47 = -l. Let g = j + l. What are the prime factors of g?
2, 59
Let i = 10242 + -6542. List the prime factors of i.
2, 5, 37
Let l = 107 + -102. Suppose 2*f = -b + 69, -l*b - 3*f = -8*b + 189. Let j = b - 46. List the prime factors of j.
19
Suppose -5*g - 83 = -528. Suppose -618 = -7*f + g. List the prime factors of f.
101
Suppose 0 = -o + 4, -5*n + 27*o - 29*o + 39053 = 0. List the prime factors of n.
3, 19, 137
Let g(r) = 342*r - 7. Let m be g(3). List the prime factors of (0 - m/(-5))*(-85 + 90).
1019
Let p = -97242 - -168163. What are the prime factors of p?
70921
Let t(w) = -2*w**2 - 16*w + 171. Let l be t(10). Let i = -126 - l. List the prime factors of i.
3, 7
Suppose 0 = -4*t + 4*v - 592, 4*v - 570 = 5*t + 165. Let y = 216 + t. Let f = y - -4. List the prime factors of f.
7, 11
Let n be (31 - 29)*(-1558)/4. Let a = -194 - n. What are the prime factors of a?
3, 5, 13
Suppose -6*s = -2*s - p - 15, s = 3*p + 1. Suppose -3*z = -0*f + f - 185, s*z + 4*f = 252. List the prime factors of z.
61
Let c(y) = 4*y + 89. Let p be c(-21). Suppose -p*t + 317 = -223. List the prime factors of t.
2, 3
List the prime factors of ((-174512)/936)/(1/(-9)).
2, 839
Let d(k) = 6*k**3 + 6*k**2 + 6*k - 21. Let z = 300 + -294. What are the prime factors of d(z)?
3, 509
Let i(y) = -y**3 - y**2 - 4*y + 1628. What are the prime factors of i(0)?
2, 11, 37
Let v(h) = -139*h**3 + h**2 + 5*h + 50. List the prime factors of v(-4).
2, 17, 263
Let o(p) = 5*p**2 + 4*p + 4. Let b be o(4). Suppose 5*r + 120 = 5*i, 5*r - i = -0*r - b. Let l = 63 + r. List the prime factors of l.
2, 11
Let a(r) = -3*r**3 + 20*r**2 + 6*r + 22. Let f(v) = 4*v**3 - 20*v**2 - 5*v - 23. Let n(h) = 5*a(h) + 4*f(h). List the prime factors of n(-19).
3, 7
Let s(b) = b**3 - 7*b + 6*b + 1 + 2*b. Let m(r) = 5*r**3 + 5*r**2 + 4. Let q(c) = -m(c) + 6*s(c). List the prime factors of q(5).
2
Let v be (8 + (-88)/24)*282. Suppose o - 3666 = -3*j, 6*o = -j + 2*o + v. What are the prime factors of j?
2, 13, 47
Suppose 0 = 7*w - 12*w + 3*q - 1722, -2 = 2*q. Let a = 777 + w. What are the prime factors of a?
2, 3
Let k = -6129 + 9274. List the prime factors of k.
5, 17, 37
Let n(x) = -59*x - 40. Let r be n(-3). Suppose 10049 = 11*z - r. List the prime factors of z.
2, 463
Suppose -4*q = -8, -2*s + s - 5*q - 313 = 0. Let h = 813 + s. Suppose h = -0*r + 7*r. List the prime factors of r.
2, 5, 7
Let m(x) = -883*x - 267. What are the prime factors of m(-3)?
2, 3, 397
Let m(o) = 37*o - 213. Let x be m(24). List the prime factors of 917190/x + 1 + (-4)/5.
3, 151
Suppose 4*w - 5*o = 9852, 0 = -2*w + 4*o - 2883 + 7809. List the prime factors of w.
3, 821
Let l = -32376 + 61721. What are the prime factors of l?
5, 5869
Let y = -29 - 1. Let d(s) = s**3 + 29*s**2 - 42*s + 26. What are the prime factors of d(y)?
2, 193
Let u be 12 - -15 - 9*1. Let a(z) = -z**3 + 23*z**2 - 28*z - 15. List the prime factors of a(u).
3, 367
Suppose -2*n - u + 11 = 0, -3*n - 4*u + 19 = 10. Suppose n*o + 7*o - 294 = 0. List the prime factors of o.
3, 7
Let l(c) = -50 - 4 - 16 + 30*c + 37*c. List the prime factors of l(6).
2, 83
List the prime factors of (-2)/(-13)*(-11488724)/(-248).
7127
Let n = 4785 - -7306. List the prime factors of n.
107, 113
Let a = -18725 - -25912. What are the prime factors of a?
7187
Let f = -316 + 312. List the prime factors of ((-444)/185)/((f + 1)/1275).
2, 3, 5, 17
Let i be -3244 + 9/((-2)/((-20)/15)). Let r = -1777 - i. List the prime factors of r.
3, 487
Suppose 241*r = 272*r - 130107. List the prime factors of r.
3, 1399
Let x(r) = 4*r**2 - 105*r - 905. List the prime factors of x(-42).
59, 179
Suppose 2*k = -0*u - 2*u, 2*u = 5*k - 14. What are the prime factors of (-1 + 3)/(((-4)/(-409))/k)?
409
Let j be (12/(-20)*-2 + -2)*-5. Suppose 3 + 5 = j*n, 5*n = -4*h + 26. List the prime factors of h/(40/(-15))*124/(-6).
31
Let h be (6*(1 + -2))/(-2). Let p = 1590 + -1449. Suppose 6*u - h*u - p = 0. What are the prime factors of u?
47
Suppose 2*g + 3*a = 49, -9 = -g + 3*a + 2. What are the prime factors of 20142/g + 4/(-40)?
19, 53
Suppose -273 = -19*q + 145. List the prime factors of 198/(-36)*(-12)/q.
3
Let r = -1773 - -2714. What are the prime factors of r?
941
Let p = -6113 + 14967. List the prime factors of p.
2, 19, 233
Suppose -4022 = -8*h + 1882. Suppose -2*x = 3*x + 4*y - 1887, 0 = 2*x - 4*y - h. What are the prime factors of x?
3, 5
Suppose 6*p - 146 = -38. Let i be ((-3)/9)/((-1)/p). What are the prime factors of 1148/i - (-32)/48?
2, 3
Let u = -52 + 52. Suppose 4*p = 3*o - 38, -4*o + u*o - p = -76. Let b(a) = a**2 - 14*a + 4. What are the prime factors of b(o)?
2, 19
Let d = -32114 + 76065. List the prime factors of d.
43951
Let l(a) = -a**3 + 4*a**2 - a - 1. Suppose 7*p = 8*p - 3. Let t be l(p). Suppose 83 = -t*k + 513. List the prime factors of k.
2, 43
What are the prime factors of (-4 + -95596)*14/5*(-4)/14?
2, 5, 239
Suppose 58*m - 62*m = -10*v - 56188, -4*v + 70202 = 5*m. List the prime factors of m.
2, 7, 17, 59
Let w = 292 + -47. Let f be w/30 - (-1)/(-6). What are the prime factors of f/12 + (-768)/(-9)?
2, 43
Suppose -5*q - 3*o = -4233, 0 = 2*q - 3*o + 2*o - 1702. Suppose 2*w + q = h, w = -h - 445 + 1297. List the prime factors of h.
23, 37
Let x(z) = 38*z**2 - 8*z + 19. Let t be x(5). Let h = t - 488. Let d = -169 + h. What are the prime factors of d?
2, 17
Let g = -11 + 15. Suppose g*w = 8*w - 24. List the prime factors of (-2 - 16/(-6))/(w/1089).
11
Let i = -20 - -52. Suppose -3*w + i = 4*g + 96, 30 = -w + 3*g. List the prime factors of 156/(-2)*4*3/w.
3, 13
Suppose -19 = -2*m + 3*n + 12, 0 = 4*n + 4. Let o be -10 + 11 - (m/2 + -2). Let w(a) = 7*a**2 + 6*a - 6. List the prime factors of w(o).
2, 41
Suppose 44*y = 70066 + 359066. What are the prime factors of y?
3, 3251
Let l be (-56484)/(-28) + (-16)/56. Suppose 0 = 6*g - l - 1049. What are the prime factors of g?
7, 73
Let f be (-12)/28 + (-136)/(-7). Suppose -11 = 10*d + f. What are the prime factors of ((-24)/9 - d)*516?
2, 43
Let x = -268 - -484. Suppose 31*o - 41 - 52 = 0. Suppose i - o*i = -x. List the prime factors of i.
2, 3
Let u = 159 - 157. Suppose 6*x = x + u*d + 457, -5*d + 206 = 2*x. What are the prime factors of x?
3, 31
Let k(u) = 119*u**3 + u**2 + 6*u - 1. Let m(x) = x + 21. Let n be m(-19). What are the prime factors of k(n)?
967
Let k = 3177 + -2071. Let x = k + -273. List the prime factors of x.
7, 17
Suppose 0 = -3*l + x + 51447, 67291 + 1294 = 4*l - 5*x. What are the prime factors of l?
2, 5, 7
Let f = 11175 - -8186. List the prime factors of f.
19, 1019
Let y(v) = -850*v + 6516. What are the prime factors of y(-39)?
2, 3, 11, 601
Let p = 5770 + 26963. List the prime factors of p.
3, 3637
Suppose 10473 = -67*v + 82833. Let n = -279 + v. What are the prime factors of n?
3, 89
Let c be (1/(-2 + 3))/(-1). Let z(x) = -x**2 - 5*x - 1. Let h(v) = 74*v**2 - 33*v - 9. Let s(n) = h(n) - 6*z(n). What are the prime factors of s(c)?
2, 5
Let z be -1 + 2 + (120 - 21). Suppose -5*x - 3*g + z = 0, 4*g - 20 = -0*g. Suppose x*s - 14*s - 144 = 0. What are the prime factors of s?
2, 3
Let i = 11532 - 6121. List the prime factors of i.
7, 773
Suppose 76*q - 140687 - 250982 = 252963. List the prime factors of q.
2, 4241
Suppose 5*n - 201930 = -5*t, 166*t - 167*t = -5*n - 40386. List the prime factors of t.
2, 3, 53, 127
Let x = -100